{"id":950,"date":"2022-01-25T07:42:23","date_gmt":"2022-01-25T07:42:23","guid":{"rendered":"https:\/\/www.leoschule-luenen.de\/?page_id=950"},"modified":"2023-01-25T09:11:08","modified_gmt":"2023-01-25T09:11:08","slug":"quarantaene-und-mehr","status":"publish","type":"page","link":"https:\/\/www.leoschule-luenen.de\/index.php\/quarantaene-und-mehr\/","title":{"rendered":"Hinweise zu Quarant\u00e4ne, Isolation, &#8230;"},"content":{"rendered":"\n<p class=\"has-light-green-cyan-background-color has-background\">25.01.2023 <em><strong>\u00a0\u2013 Schulbetrieb nach Auslaufen der Corona-Verordnungen<\/strong><\/em>\u00a0\u2013\u00a0<strong>Informationen\u00a0<em>des Ministeriums f\u00fcr Schule und Bildung NRW<\/em><\/strong><br><strong>Zum 01.02.2023 enden in NRW nahezu alle relevanten Ma\u00dfnahmen, die im Zusammenhang mit Corona getroffen wurden.<\/strong>\u00a0Dies gilt auch f\u00fcr die Ma\u00dfnahmen, die f\u00fcr die Schulen in NRW gelten.\u00a0<a href=\"https:\/\/www.leoschule-luenen.de\/wp-content\/uploads\/2023\/01\/Ende-der-Coronamassnahmen-Brief-der-Ministerin-an-die-Eltern-und-Erziehungsberechtigten.pdf\">Einen Brief der Schulministerin hierzu finden Sie hier<\/a>.<\/p>\n\n\n\n<p class=\"has-pale-pink-background-color has-background\"><em><strong>19.12.2022 &#8211; Handlungskonzept Corona<\/strong><\/em><br>Die verpflichtende Isolierung nach einem positiven Schnell- oder PCR-Test endet nunmehr automatisch nach Ablauf von f\u00fcnf vollen Tagen ab dem Tag der Vornahme des ersten positiven Tests (PCR-Test oder Coronaschnelltest). <strong>Zur Beendigung der Isolierung nach f\u00fcnf vollen Tagen bedarf es damit keines abschlie\u00dfenden negativen Testnachweises mehr.<\/strong><\/p>\n\n\n\n<p class=\"has-medium-font-size\">Das nordrhein-westf\u00e4lische Gesundheitsministerium hat eine neue Corona-Test-und-Quarant\u00e4neverordnung ver\u00f6ffentlicht. Diese gilt ab Donnerstag, <strong>5. Mai 2022<\/strong>. In der neuen Verordnung werden die<strong> Isolierungszeiten f\u00fcr infizierte Personen verk\u00fcrzt<\/strong>: War bisher die Freitestung erst am siebten Tag m\u00f6glich, kann die Isolierung nun bereits durch einen <strong>fr\u00fchestens am f\u00fcnften Tag<\/strong> der Isolierung erfolgten negativen Test beendet werden. In Nordrhein-Westfalen ist f\u00fcr das Freitesten aber nach wie vor ein offizieller Test (B\u00fcrgertestung oder PCR-Test) erforderlich. Ohne Freitestung endet die Isolierung wie bisher automatisch nach zehn Tagen. <\/p>\n\n\n\n<p class=\"has-vivid-red-color has-text-color has-medium-font-size\"><strong>F\u00fcr Kontaktpersonen besteht keine Absonderungspflicht mehr. Vielmehr wird die RKI-Empfehlung umgesetzt, Kontakte zu reduzieren.<\/strong> <\/p>\n\n\n\n<p class=\"has-vivid-red-color has-text-color has-medium-font-size\">Kinder mit Symptomen (Husten, Schnupfen, Halsschmerzen, Fieber, \u2026) <strong>kommen bitte trotzdem weiterhin generell nicht zur Schule<\/strong>, bis die Symptome abgeklungen sind!<\/p>\n\n\n\n<p><\/p>\n\n\n\n<hr class=\"wp-block-separator has-css-opacity\"\/>\n","protected":false},"excerpt":{"rendered":"<p>25.01.2023 \u00a0\u2013 Schulbetrieb nach Auslaufen der Corona-Verordnungen\u00a0\u2013\u00a0Informationen\u00a0des Ministeriums f\u00fcr Schule und Bildung NRWZum 01.02.2023 enden in NRW nahezu alle relevanten Ma\u00dfnahmen, die im Zusammenhang mit Corona getroffen wurden.\u00a0Dies gilt auch f\u00fcr die Ma\u00dfnahmen, die f\u00fcr die Schulen in NRW gelten.\u00a0Einen Brief der Schulministerin hierzu finden Sie hier. 19.12.2022 &#8211; Handlungskonzept CoronaDie verpflichtende Isolierung nach einem [&hellip;]<\/p>\n","protected":false},"author":2,"featured_media":0,"parent":0,"menu_order":0,"comment_status":"closed","ping_status":"closed","template":"","meta":{"site-sidebar-layout":"default","site-content-layout":"","ast-site-content-layout":"default","site-content-style":"default","site-sidebar-style":"default","ast-global-header-display":"","ast-banner-title-visibility":"","ast-main-header-display":"","ast-hfb-above-header-display":"","ast-hfb-below-header-display":"","ast-hfb-mobile-header-display":"","site-post-title":"","ast-breadcrumbs-content":"","ast-featured-img":"","footer-sml-layout":"","ast-disable-related-posts":"","theme-transparent-header-meta":"","adv-header-id-meta":"","stick-header-meta":"","header-above-stick-meta":"","header-main-stick-meta":"","header-below-stick-meta":"","astra-migrate-meta-layouts":"default","ast-page-background-enabled":"default","ast-page-background-meta":{"desktop":{"background-color":"var(--ast-global-color-4)","background-image":"","background-repeat":"repeat","background-position":"center center","background-size":"auto","background-attachment":"scroll","background-type":"","background-media":"","overlay-type":"","overlay-color":"","overlay-opacity":"","overlay-gradient":""},"tablet":{"background-color":"","background-image":"","background-repeat":"repeat","background-position":"center center","background-size":"auto","background-attachment":"scroll","background-type":"","background-media":"","overlay-type":"","overlay-color":"","overlay-opacity":"","overlay-gradient":""},"mobile":{"background-color":"","background-image":"","background-repeat":"repeat","background-position":"center center","background-size":"auto","background-attachment":"scroll","background-type":"","background-media":"","overlay-type":"","overlay-color":"","overlay-opacity":"","overlay-gradient":""}},"ast-content-background-meta":{"desktop":{"background-color":"var(--ast-global-color-5)","background-image":"","background-repeat":"repeat","background-position":"center center","background-size":"auto","background-attachment":"scroll","background-type":"","background-media":"","overlay-type":"","overlay-color":"","overlay-opacity":"","overlay-gradient":""},"tablet":{"background-color":"var(--ast-global-color-5)","background-image":"","background-repeat":"repeat","background-position":"center center","background-size":"auto","background-attachment":"scroll","background-type":"","background-media":"","overlay-type":"","overlay-color":"","overlay-opacity":"","overlay-gradient":""},"mobile":{"background-color":"var(--ast-global-color-5)","background-image":"","background-repeat":"repeat","background-position":"center center","background-size":"auto","background-attachment":"scroll","background-type":"","background-media":"","overlay-type":"","overlay-color":"","overlay-opacity":"","overlay-gradient":""}},"footnotes":""},"class_list":["post-950","page","type-page","status-publish","hentry"],"yoast_head":"<!-- This site is optimized with the Yoast SEO plugin v27.5 - https:\/\/yoast.com\/product\/yoast-seo-wordpress\/ -->\n<title>Hinweise zu Quarant\u00e4ne, Isolation, ... - Leoschule L\u00fcnen<\/title>\n<meta name=\"robots\" content=\"index, follow, max-snippet:-1, max-image-preview:large, max-video-preview:-1\" \/>\n<link rel=\"canonical\" href=\"https:\/\/www.leoschule-luenen.de\/index.php\/quarantaene-und-mehr\/\" \/>\n<meta property=\"og:locale\" content=\"de_DE\" \/>\n<meta property=\"og:type\" content=\"article\" \/>\n<meta property=\"og:title\" content=\"Hinweise zu Quarant\u00e4ne, Isolation, ... - Leoschule L\u00fcnen\" \/>\n<meta property=\"og:description\" content=\"25.01.2023 \u00a0\u2013 Schulbetrieb nach Auslaufen der Corona-Verordnungen\u00a0\u2013\u00a0Informationen\u00a0des Ministeriums f\u00fcr Schule und Bildung NRWZum 01.02.2023 enden in NRW nahezu alle relevanten Ma\u00dfnahmen, die im Zusammenhang mit Corona getroffen wurden.\u00a0Dies gilt auch f\u00fcr die Ma\u00dfnahmen, die f\u00fcr die Schulen in NRW gelten.\u00a0Einen Brief der Schulministerin hierzu finden Sie hier. 19.12.2022 &#8211; Handlungskonzept CoronaDie verpflichtende Isolierung nach einem [&hellip;]\" \/>\n<meta property=\"og:url\" content=\"https:\/\/www.leoschule-luenen.de\/index.php\/quarantaene-und-mehr\/\" \/>\n<meta property=\"og:site_name\" content=\"Leoschule L\u00fcnen\" \/>\n<meta property=\"article:modified_time\" content=\"2023-01-25T09:11:08+00:00\" \/>\n<meta name=\"twitter:card\" content=\"summary_large_image\" \/>\n<meta name=\"twitter:label1\" content=\"Gesch\u00e4tzte Lesezeit\" \/>\n\t<meta name=\"twitter:data1\" content=\"2\u00a0Minuten\" \/>\n<script type=\"application\/ld+json\" class=\"yoast-schema-graph\">{\"@context\":\"https:\\\/\\\/schema.org\",\"@graph\":[{\"@type\":\"WebPage\",\"@id\":\"https:\\\/\\\/www.leoschule-luenen.de\\\/index.php\\\/quarantaene-und-mehr\\\/\",\"url\":\"https:\\\/\\\/www.leoschule-luenen.de\\\/index.php\\\/quarantaene-und-mehr\\\/\",\"name\":\"Hinweise zu Quarant\u00e4ne, Isolation, ... - Leoschule L\u00fcnen\",\"isPartOf\":{\"@id\":\"https:\\\/\\\/www.leoschule-luenen.de\\\/#website\"},\"datePublished\":\"2022-01-25T07:42:23+00:00\",\"dateModified\":\"2023-01-25T09:11:08+00:00\",\"breadcrumb\":{\"@id\":\"https:\\\/\\\/www.leoschule-luenen.de\\\/index.php\\\/quarantaene-und-mehr\\\/#breadcrumb\"},\"inLanguage\":\"de\",\"potentialAction\":[{\"@type\":\"ReadAction\",\"target\":[\"https:\\\/\\\/www.leoschule-luenen.de\\\/index.php\\\/quarantaene-und-mehr\\\/\"]}]},{\"@type\":\"BreadcrumbList\",\"@id\":\"https:\\\/\\\/www.leoschule-luenen.de\\\/index.php\\\/quarantaene-und-mehr\\\/#breadcrumb\",\"itemListElement\":[{\"@type\":\"ListItem\",\"position\":1,\"name\":\"Startseite\",\"item\":\"https:\\\/\\\/www.leoschule-luenen.de\\\/\"},{\"@type\":\"ListItem\",\"position\":2,\"name\":\"Hinweise zu Quarant\u00e4ne, Isolation, &#8230;\"}]},{\"@type\":\"WebSite\",\"@id\":\"https:\\\/\\\/www.leoschule-luenen.de\\\/#website\",\"url\":\"https:\\\/\\\/www.leoschule-luenen.de\\\/\",\"name\":\"Leoschule L\u00fcnen\",\"description\":\"St\u00e4dtische Katholische Grundschule\",\"publisher\":{\"@id\":\"https:\\\/\\\/www.leoschule-luenen.de\\\/#organization\"},\"potentialAction\":[{\"@type\":\"SearchAction\",\"target\":{\"@type\":\"EntryPoint\",\"urlTemplate\":\"https:\\\/\\\/www.leoschule-luenen.de\\\/?s={search_term_string}\"},\"query-input\":{\"@type\":\"PropertyValueSpecification\",\"valueRequired\":true,\"valueName\":\"search_term_string\"}}],\"inLanguage\":\"de\"},{\"@type\":\"Organization\",\"@id\":\"https:\\\/\\\/www.leoschule-luenen.de\\\/#organization\",\"name\":\"Leoschule\",\"url\":\"https:\\\/\\\/www.leoschule-luenen.de\\\/\",\"logo\":{\"@type\":\"ImageObject\",\"inLanguage\":\"de\",\"@id\":\"https:\\\/\\\/www.leoschule-luenen.de\\\/#\\\/schema\\\/logo\\\/image\\\/\",\"url\":\"https:\\\/\\\/www.leoschule-luenen.de\\\/wp-content\\\/uploads\\\/2021\\\/09\\\/cropped-LeoLogo-2.jpg\",\"contentUrl\":\"https:\\\/\\\/www.leoschule-luenen.de\\\/wp-content\\\/uploads\\\/2021\\\/09\\\/cropped-LeoLogo-2.jpg\",\"width\":342,\"height\":342,\"caption\":\"Leoschule\"},\"image\":{\"@id\":\"https:\\\/\\\/www.leoschule-luenen.de\\\/#\\\/schema\\\/logo\\\/image\\\/\"}}]}<\/script>\n<!-- \/ Yoast SEO plugin. -->","yoast_head_json":{"title":"Hinweise zu Quarant\u00e4ne, Isolation, ... - Leoschule L\u00fcnen","robots":{"index":"index","follow":"follow","max-snippet":"max-snippet:-1","max-image-preview":"max-image-preview:large","max-video-preview":"max-video-preview:-1"},"canonical":"https:\/\/www.leoschule-luenen.de\/index.php\/quarantaene-und-mehr\/","og_locale":"de_DE","og_type":"article","og_title":"Hinweise zu Quarant\u00e4ne, Isolation, ... - Leoschule L\u00fcnen","og_description":"25.01.2023 \u00a0\u2013 Schulbetrieb nach Auslaufen der Corona-Verordnungen\u00a0\u2013\u00a0Informationen\u00a0des Ministeriums f\u00fcr Schule und Bildung NRWZum 01.02.2023 enden in NRW nahezu alle relevanten Ma\u00dfnahmen, die im Zusammenhang mit Corona getroffen wurden.\u00a0Dies gilt auch f\u00fcr die Ma\u00dfnahmen, die f\u00fcr die Schulen in NRW gelten.\u00a0Einen Brief der Schulministerin hierzu finden Sie hier. 19.12.2022 &#8211; Handlungskonzept CoronaDie verpflichtende Isolierung nach einem [&hellip;]","og_url":"https:\/\/www.leoschule-luenen.de\/index.php\/quarantaene-und-mehr\/","og_site_name":"Leoschule L\u00fcnen","article_modified_time":"2023-01-25T09:11:08+00:00","twitter_card":"summary_large_image","twitter_misc":{"Gesch\u00e4tzte Lesezeit":"2\u00a0Minuten"},"schema":{"@context":"https:\/\/schema.org","@graph":[{"@type":"WebPage","@id":"https:\/\/www.leoschule-luenen.de\/index.php\/quarantaene-und-mehr\/","url":"https:\/\/www.leoschule-luenen.de\/index.php\/quarantaene-und-mehr\/","name":"Hinweise zu Quarant\u00e4ne, Isolation, ... - Leoschule L\u00fcnen","isPartOf":{"@id":"https:\/\/www.leoschule-luenen.de\/#website"},"datePublished":"2022-01-25T07:42:23+00:00","dateModified":"2023-01-25T09:11:08+00:00","breadcrumb":{"@id":"https:\/\/www.leoschule-luenen.de\/index.php\/quarantaene-und-mehr\/#breadcrumb"},"inLanguage":"de","potentialAction":[{"@type":"ReadAction","target":["https:\/\/www.leoschule-luenen.de\/index.php\/quarantaene-und-mehr\/"]}]},{"@type":"BreadcrumbList","@id":"https:\/\/www.leoschule-luenen.de\/index.php\/quarantaene-und-mehr\/#breadcrumb","itemListElement":[{"@type":"ListItem","position":1,"name":"Startseite","item":"https:\/\/www.leoschule-luenen.de\/"},{"@type":"ListItem","position":2,"name":"Hinweise zu Quarant\u00e4ne, Isolation, &#8230;"}]},{"@type":"WebSite","@id":"https:\/\/www.leoschule-luenen.de\/#website","url":"https:\/\/www.leoschule-luenen.de\/","name":"Leoschule L\u00fcnen","description":"St\u00e4dtische Katholische Grundschule","publisher":{"@id":"https:\/\/www.leoschule-luenen.de\/#organization"},"potentialAction":[{"@type":"SearchAction","target":{"@type":"EntryPoint","urlTemplate":"https:\/\/www.leoschule-luenen.de\/?s={search_term_string}"},"query-input":{"@type":"PropertyValueSpecification","valueRequired":true,"valueName":"search_term_string"}}],"inLanguage":"de"},{"@type":"Organization","@id":"https:\/\/www.leoschule-luenen.de\/#organization","name":"Leoschule","url":"https:\/\/www.leoschule-luenen.de\/","logo":{"@type":"ImageObject","inLanguage":"de","@id":"https:\/\/www.leoschule-luenen.de\/#\/schema\/logo\/image\/","url":"https:\/\/www.leoschule-luenen.de\/wp-content\/uploads\/2021\/09\/cropped-LeoLogo-2.jpg","contentUrl":"https:\/\/www.leoschule-luenen.de\/wp-content\/uploads\/2021\/09\/cropped-LeoLogo-2.jpg","width":342,"height":342,"caption":"Leoschule"},"image":{"@id":"https:\/\/www.leoschule-luenen.de\/#\/schema\/logo\/image\/"}}]}},"_links":{"self":[{"href":"https:\/\/www.leoschule-luenen.de\/index.php\/wp-json\/wp\/v2\/pages\/950","targetHints":{"allow":["GET"]}}],"collection":[{"href":"https:\/\/www.leoschule-luenen.de\/index.php\/wp-json\/wp\/v2\/pages"}],"about":[{"href":"https:\/\/www.leoschule-luenen.de\/index.php\/wp-json\/wp\/v2\/types\/page"}],"author":[{"embeddable":true,"href":"https:\/\/www.leoschule-luenen.de\/index.php\/wp-json\/wp\/v2\/users\/2"}],"replies":[{"embeddable":true,"href":"https:\/\/www.leoschule-luenen.de\/index.php\/wp-json\/wp\/v2\/comments?post=950"}],"version-history":[{"count":18,"href":"https:\/\/www.leoschule-luenen.de\/index.php\/wp-json\/wp\/v2\/pages\/950\/revisions"}],"predecessor-version":[{"id":1256,"href":"https:\/\/www.leoschule-luenen.de\/index.php\/wp-json\/wp\/v2\/pages\/950\/revisions\/1256"}],"wp:attachment":[{"href":"https:\/\/www.leoschule-luenen.de\/index.php\/wp-json\/wp\/v2\/media?parent=950"}],"curies":[{"name":"wp","href":"https:\/\/api.w.org\/{rel}","templated":true}]}}