{"id":1526,"date":"2023-11-17T10:00:41","date_gmt":"2023-11-17T10:00:41","guid":{"rendered":"https:\/\/www.leoschule-luenen.de\/?page_id=1526"},"modified":"2025-11-23T09:07:34","modified_gmt":"2025-11-23T09:07:34","slug":"vorlesetag-17-11-2023","status":"publish","type":"page","link":"https:\/\/www.leoschule-luenen.de\/index.php\/vorlesetag-17-11-2023\/","title":{"rendered":"Vorlesetag 21.11.2025"},"content":{"rendered":"\n<p>Jedes Jahr ist der bundesweite Vorlesetag immer ein echtes Highlight im Schuljahresverlauf. An diesem besonderen Tag steht das Lesen, Basteln und nat\u00fcrlich vor allem das Vorlesen im Mittelpunkt des Schultages. In diesem Jahr drehte sich in den vier Jahrg\u00e4nge alles um diese B\u00fccher: Elmar &#8211; der karierte Elefant, Hinter verzauberten Fenstern, K\u00e4pten Knitterbart und seine Bande, Das Schlossgespenst<\/p>\n\n\n\n<script src=\"https:\/\/cdn.jsdelivr.net\/npm\/publicalbum@latest\/embed-ui.min.js\" async><\/script>\n<div class=\"pa-carousel-widget\" style=\"width:100%; height:480px; display:none;\"\n  data-link=\"https:\/\/photos.app.goo.gl\/eNgWLpw1S2x2u2Sb9\"\n  data-title=\"Vorlesetag 2025 \u00b7 Nov 21\u2009\u2013\u200923 \ud83d\udcf8\"\n  data-description=\"Shared album \u00b7 Tap to view!\">\n  <object data=\"https:\/\/lh3.googleusercontent.com\/pw\/AP1GczM2yeeCLjtHhDTt-2Hgc6z28POGqBF59NngC8gVyhGw0qzk3MdqfzaY2RIcgLrM25cDN9DQC4DWf3mnZFZFqtFJXx0U9V-r780zIuQ8Njk67BF-A-I=w1920-h1080\"><\/object>\n  <object data=\"https:\/\/lh3.googleusercontent.com\/pw\/AP1GczPGLvUux_SZAvdhvb0f2504fkGpePuuR1pzrO7WbaWV7zaHUWwwzwLLffoutMYvY9b79zu8JKOwureku1xKuFkdiRhZh_0hs6dKA7d-ArrhVolYWKI=w1920-h1080\"><\/object>\n  <object data=\"https:\/\/lh3.googleusercontent.com\/pw\/AP1GczM04rQlr2n2SWun1C1mehe6bTN3bz99JaMrhkyyX4jtV_2auZVOFGfCUyan74fDTg3bfYKJ8ttiFZ5q1vLafPYnNvqIN_3mrx3mLqZ4zZl16Ez9oB4=w1920-h1080\"><\/object>\n  <object data=\"https:\/\/lh3.googleusercontent.com\/pw\/AP1GczNXRIFhW5BpuKG0E12hjqKLWCJe8n0CrMFMUtUbIqo5F3-ST4hpdd-P42dz3_fmvE9k0O4IQLDzTQ_zOrRe82t-hbKPQj5BMXakbPxvWlIezODJt08=w1920-h1080\"><\/object>\n  <object data=\"https:\/\/lh3.googleusercontent.com\/pw\/AP1GczNN_5PCms1vznF3Z4LJdVdkm2mCZtDXda3JGz8mEgmA0iDimfbmw-y2xE5-RuBsgNLzpoPSTPZ7f8pY2-S2sCrdfwg3Olr1_Igb14GFUCMLn70ikqw=w1920-h1080\"><\/object>\n  <object data=\"https:\/\/lh3.googleusercontent.com\/pw\/AP1GczPV4ojRWyo4KMHW9KSOqb1UrN2U-jMI7yV4a5eUz44auxSEw_otpozENo2g7vm9lS8jV98d9MwrXJ6BupGj6rfnii7MwOMg_DkTN7aNrjGlBOH4vyo=w1920-h1080\"><\/object>\n  <object data=\"https:\/\/lh3.googleusercontent.com\/pw\/AP1GczMCHqvH6UQHPf8F4E_7Dace_a1DbV1hxmXhRDtdclSRlDcJtwzw6nA4hMCYjfYQKQeZbUlTphF7IhW0a5MB-vBZ19gLFZ_MI19G9tp0xKOMHs5dN54=w1920-h1080\"><\/object>\n  <object data=\"https:\/\/lh3.googleusercontent.com\/pw\/AP1GczNWdZChFeeaDKb2W8RkTjzHrVCrvOzILu7w637qaRY5mhPokgGxdDemUv14Dw2YPUQXx0wHaRmJGSWGeTJpUhkaAN1q-Hkg8nsI_CeUsb5j9wsSPkU=w1920-h1080\"><\/object>\n  <object data=\"https:\/\/lh3.googleusercontent.com\/pw\/AP1GczMnM0zb7FRbGmT1IVgw0oPqto04ZL0V-dwY7-OwGI2T048aphNEmKeO5zIlVCqOh5_pcF5s563ekaaHmfULXSQcDk-NlNKasU4R_vdjCQVAX_ECPp0=w1920-h1080\"><\/object>\n  <object data=\"https:\/\/lh3.googleusercontent.com\/pw\/AP1GczOQjHJ6yvyq-A6a2NxufWvjVK30qXkvV6s7cBq2jyehb2bEKuwuZ62d9R1gqgc39zS_c-UUWrAy7Cq7qgia_P9nM0PFTYcSvvcJgmg9TwsqJJtWBu0=w1920-h1080\"><\/object>\n  <object data=\"https:\/\/lh3.googleusercontent.com\/pw\/AP1GczMp0YFCTomcVtnk3KcvnRPcKpT_DiKGKC7QsXtZ7WlrCcb0lfVwpNzjz26uV3-WA6skBIinH93YX49aj5EiX5tCYvf3RX8qA5yEdI1Kvy0TT4-ZYtk=w1920-h1080\"><\/object>\n  <object data=\"https:\/\/lh3.googleusercontent.com\/pw\/AP1GczN0Tzy2O7-TNfvKLer0TTpeGDVcD06C0cePrPYAsrSbB2d9VS7UF0fQw5bVEzzwbRIoMN1w28dFNcNcXmPXt-n6rMdJ2nb3PcDdM_gFF1yV9anWfRg=w1920-h1080\"><\/object>\n  <object data=\"https:\/\/lh3.googleusercontent.com\/pw\/AP1GczM79MnHe_9PC9_HbKW4s2VDVfJIDUFIKd4LUd00S6K7wZ_HRggQkwYz6aJDoeztJCzSH7yLoPg186_yl1MzrJnIbLyE_sQiJxJFF3RCPwLg1NAEVq0=w1920-h1080\"><\/object>\n  <object data=\"https:\/\/lh3.googleusercontent.com\/pw\/AP1GczNwiiFwzzycwuKVQCbUNUp-ZKDb1eRaPnuHX-w4AEs_z3enOLFYNvPAtNGioVHOyPtvfp0fQSgVXCmpjKpWSYHjfbxaonBMEjvVhPduCE9Q79MrUDQ=w1920-h1080\"><\/object>\n  <object data=\"https:\/\/lh3.googleusercontent.com\/pw\/AP1GczNEYEL4-St0OXALWf8KdqD3KE6il3z0eqfzA-VMccC47-gRncMO2RMPs_DWLdNYrqzh8n6ZxOIxDd8cJOpAX6K5AWsCcrIrZOeU_JxqMrR8D-XsVug=w1920-h1080\"><\/object>\n  <object data=\"https:\/\/lh3.googleusercontent.com\/pw\/AP1GczO6x-5OzQ0Md3U93dXhu_u88TGEjp5vW2kceOcEjk4j1UwZvZdv5oBxZXAgjoV7N-gozX4doLGiOBA4TthBd-Y5OrI7PLvOGJtTT9jWGd-CEizWf-o=w1920-h1080\"><\/object>\n  <object data=\"https:\/\/lh3.googleusercontent.com\/pw\/AP1GczNCOGA7FEGR3DfnUfc8acgeQ68Z5kfX17KB6qKfsPixFnuA3WzExdwfwXGK4z8kVmhkoIP4ovEsXL2ndTVEiBVXeIqwIkbsJ9hX9Bty5JlWkpHTmag=w1920-h1080\"><\/object>\n  <object data=\"https:\/\/lh3.googleusercontent.com\/pw\/AP1GczNmSkPi8eJNlNRQLNmbvalLXimj7HgnATfVpRVj6x_Uu8ULA5LC0jGWa-rysYKTwCNCYbyn_Ok37-RSw6xrNJgao7qST8EpoyombC0B0OC4pzoCkH8=w1920-h1080\"><\/object>\n  <object data=\"https:\/\/lh3.googleusercontent.com\/pw\/AP1GczN8vACRx2lpTwR1MC8bz7qP7dXyNl7OABAQ0f4KfJjW6yhmy5YqJgZkw2RePL4Tix1bAztFZvVLdnx0LGkrYSL0fdLlWut-mZLkEtx4BVThff-I8KA=w1920-h1080\"><\/object>\n  <object data=\"https:\/\/lh3.googleusercontent.com\/pw\/AP1GczOz8jbqmW1ghHQ0srTK34OGQzL6mDUlU6S3Bd4wBDcICympnUAN8QV6W0M0MK24VyLQwcw50Shu4v0z9iLuzNhruRnREAS6KYAUlsQVyTkMPZfJZ9Q=w1920-h1080\"><\/object>\n  <object data=\"https:\/\/lh3.googleusercontent.com\/pw\/AP1GczPdhgBdZoqyTvR7VhMiZAQOD-CYNYlFxncnAUqvSxiBnd-Uz172Nj3prsfo0IgEFqSEFBNbPdNA1_ppczUlcXaqR6fN9tQU1xZDXx0qHVhTAZjPMOM=w1920-h1080\"><\/object>\n  <object data=\"https:\/\/lh3.googleusercontent.com\/pw\/AP1GczOxFEeHuhYjWU1RJOsoXMldWtg2X1UKM337CURTmBmDbkv_sKA7LSyNLDY_m_xAxiWFUUKHc-AjMOhcRMTjIzeXoB1NW4LRS7bmhY6iNeTiipRDIfU=w1920-h1080\"><\/object>\n  <object data=\"https:\/\/lh3.googleusercontent.com\/pw\/AP1GczOg6k3WqEFzUA1huDBYJCdUC6yz9W_Q_5kvTRBf0zSo6Ey5tzf0wjDVlXLKcBIgvpYP3bT1oj1B9MyE9o5G7YdBJW_DO-8ULCpKX2tkvZ5_XOb7oL0=w1920-h1080\"><\/object>\n  <object data=\"https:\/\/lh3.googleusercontent.com\/pw\/AP1GczPkWZ5IjFvQ6jiM21OMRMUjmTLjV-_6nW5gnmlWrFA82pFbhH0lpEn3H8-AUF-6Gt_ZtJ3N0BB4JPVl1XDr7OexfUQhtkzZx1ZqQFa0JKYAWbB0KB0=w1920-h1080\"><\/object>\n  <object data=\"https:\/\/lh3.googleusercontent.com\/pw\/AP1GczOTSFDpvE20vT5YiTJ8Bl7AEcZF2ri2KNlFe40f8Y0nSr3my7hFPMjAMxtgHnAsTLb_mCflgIbAIh6TTfM4B7aApXAMjm37R-RtdCdq2TSzegtOTho=w1920-h1080\"><\/object>\n<\/div>\n\n","protected":false},"excerpt":{"rendered":"<p>Jedes Jahr ist der bundesweite Vorlesetag immer ein echtes Highlight im Schuljahresverlauf. An diesem besonderen Tag steht das Lesen, Basteln und nat\u00fcrlich vor allem das Vorlesen im Mittelpunkt des Schultages. In diesem Jahr drehte sich in den vier Jahrg\u00e4nge alles um diese B\u00fccher: Elmar &#8211; der karierte Elefant, Hinter verzauberten Fenstern, K\u00e4pten Knitterbart und seine [&hellip;]<\/p>\n","protected":false},"author":2,"featured_media":0,"parent":0,"menu_order":0,"comment_status":"closed","ping_status":"closed","template":"","meta":{"site-sidebar-layout":"default","site-content-layout":"","ast-site-content-layout":"default","site-content-style":"default","site-sidebar-style":"default","ast-global-header-display":"","ast-banner-title-visibility":"","ast-main-header-display":"","ast-hfb-above-header-display":"","ast-hfb-below-header-display":"","ast-hfb-mobile-header-display":"","site-post-title":"","ast-breadcrumbs-content":"","ast-featured-img":"","footer-sml-layout":"","ast-disable-related-posts":"","theme-transparent-header-meta":"","adv-header-id-meta":"","stick-header-meta":"","header-above-stick-meta":"","header-main-stick-meta":"","header-below-stick-meta":"","astra-migrate-meta-layouts":"set","ast-page-background-enabled":"default","ast-page-background-meta":{"desktop":{"background-color":"var(--ast-global-color-4)","background-image":"","background-repeat":"repeat","background-position":"center center","background-size":"auto","background-attachment":"scroll","background-type":"","background-media":"","overlay-type":"","overlay-color":"","overlay-opacity":"","overlay-gradient":""},"tablet":{"background-color":"","background-image":"","background-repeat":"repeat","background-position":"center center","background-size":"auto","background-attachment":"scroll","background-type":"","background-media":"","overlay-type":"","overlay-color":"","overlay-opacity":"","overlay-gradient":""},"mobile":{"background-color":"","background-image":"","background-repeat":"repeat","background-position":"center center","background-size":"auto","background-attachment":"scroll","background-type":"","background-media":"","overlay-type":"","overlay-color":"","overlay-opacity":"","overlay-gradient":""}},"ast-content-background-meta":{"desktop":{"background-color":"var(--ast-global-color-5)","background-image":"","background-repeat":"repeat","background-position":"center center","background-size":"auto","background-attachment":"scroll","background-type":"","background-media":"","overlay-type":"","overlay-color":"","overlay-opacity":"","overlay-gradient":""},"tablet":{"background-color":"var(--ast-global-color-5)","background-image":"","background-repeat":"repeat","background-position":"center center","background-size":"auto","background-attachment":"scroll","background-type":"","background-media":"","overlay-type":"","overlay-color":"","overlay-opacity":"","overlay-gradient":""},"mobile":{"background-color":"var(--ast-global-color-5)","background-image":"","background-repeat":"repeat","background-position":"center center","background-size":"auto","background-attachment":"scroll","background-type":"","background-media":"","overlay-type":"","overlay-color":"","overlay-opacity":"","overlay-gradient":""}},"footnotes":""},"class_list":["post-1526","page","type-page","status-publish","hentry"],"yoast_head":"<!-- This site is optimized with the Yoast SEO plugin v27.5 - https:\/\/yoast.com\/product\/yoast-seo-wordpress\/ -->\n<title>Vorlesetag 21.11.2025 - Leoschule L\u00fcnen<\/title>\n<meta name=\"robots\" content=\"index, follow, max-snippet:-1, max-image-preview:large, max-video-preview:-1\" \/>\n<link rel=\"canonical\" href=\"https:\/\/www.leoschule-luenen.de\/index.php\/vorlesetag-17-11-2023\/\" \/>\n<meta property=\"og:locale\" content=\"de_DE\" \/>\n<meta property=\"og:type\" content=\"article\" \/>\n<meta property=\"og:title\" content=\"Vorlesetag 21.11.2025 - Leoschule L\u00fcnen\" \/>\n<meta property=\"og:description\" content=\"Jedes Jahr ist der bundesweite Vorlesetag immer ein echtes Highlight im Schuljahresverlauf. An diesem besonderen Tag steht das Lesen, Basteln und nat\u00fcrlich vor allem das Vorlesen im Mittelpunkt des Schultages. In diesem Jahr drehte sich in den vier Jahrg\u00e4nge alles um diese B\u00fccher: Elmar &#8211; der karierte Elefant, Hinter verzauberten Fenstern, K\u00e4pten Knitterbart und seine [&hellip;]\" \/>\n<meta property=\"og:url\" content=\"https:\/\/www.leoschule-luenen.de\/index.php\/vorlesetag-17-11-2023\/\" \/>\n<meta property=\"og:site_name\" content=\"Leoschule L\u00fcnen\" \/>\n<meta property=\"article:modified_time\" content=\"2025-11-23T09:07:34+00:00\" \/>\n<meta name=\"twitter:card\" content=\"summary_large_image\" \/>\n<meta name=\"twitter:label1\" content=\"Gesch\u00e4tzte Lesezeit\" \/>\n\t<meta name=\"twitter:data1\" content=\"1\u00a0Minute\" \/>\n<script type=\"application\/ld+json\" class=\"yoast-schema-graph\">{\"@context\":\"https:\\\/\\\/schema.org\",\"@graph\":[{\"@type\":\"WebPage\",\"@id\":\"https:\\\/\\\/www.leoschule-luenen.de\\\/index.php\\\/vorlesetag-17-11-2023\\\/\",\"url\":\"https:\\\/\\\/www.leoschule-luenen.de\\\/index.php\\\/vorlesetag-17-11-2023\\\/\",\"name\":\"Vorlesetag 21.11.2025 - Leoschule L\u00fcnen\",\"isPartOf\":{\"@id\":\"https:\\\/\\\/www.leoschule-luenen.de\\\/#website\"},\"datePublished\":\"2023-11-17T10:00:41+00:00\",\"dateModified\":\"2025-11-23T09:07:34+00:00\",\"breadcrumb\":{\"@id\":\"https:\\\/\\\/www.leoschule-luenen.de\\\/index.php\\\/vorlesetag-17-11-2023\\\/#breadcrumb\"},\"inLanguage\":\"de\",\"potentialAction\":[{\"@type\":\"ReadAction\",\"target\":[\"https:\\\/\\\/www.leoschule-luenen.de\\\/index.php\\\/vorlesetag-17-11-2023\\\/\"]}]},{\"@type\":\"BreadcrumbList\",\"@id\":\"https:\\\/\\\/www.leoschule-luenen.de\\\/index.php\\\/vorlesetag-17-11-2023\\\/#breadcrumb\",\"itemListElement\":[{\"@type\":\"ListItem\",\"position\":1,\"name\":\"Startseite\",\"item\":\"https:\\\/\\\/www.leoschule-luenen.de\\\/\"},{\"@type\":\"ListItem\",\"position\":2,\"name\":\"Vorlesetag 21.11.2025\"}]},{\"@type\":\"WebSite\",\"@id\":\"https:\\\/\\\/www.leoschule-luenen.de\\\/#website\",\"url\":\"https:\\\/\\\/www.leoschule-luenen.de\\\/\",\"name\":\"Leoschule L\u00fcnen\",\"description\":\"St\u00e4dtische Katholische Grundschule\",\"publisher\":{\"@id\":\"https:\\\/\\\/www.leoschule-luenen.de\\\/#organization\"},\"potentialAction\":[{\"@type\":\"SearchAction\",\"target\":{\"@type\":\"EntryPoint\",\"urlTemplate\":\"https:\\\/\\\/www.leoschule-luenen.de\\\/?s={search_term_string}\"},\"query-input\":{\"@type\":\"PropertyValueSpecification\",\"valueRequired\":true,\"valueName\":\"search_term_string\"}}],\"inLanguage\":\"de\"},{\"@type\":\"Organization\",\"@id\":\"https:\\\/\\\/www.leoschule-luenen.de\\\/#organization\",\"name\":\"Leoschule\",\"url\":\"https:\\\/\\\/www.leoschule-luenen.de\\\/\",\"logo\":{\"@type\":\"ImageObject\",\"inLanguage\":\"de\",\"@id\":\"https:\\\/\\\/www.leoschule-luenen.de\\\/#\\\/schema\\\/logo\\\/image\\\/\",\"url\":\"https:\\\/\\\/www.leoschule-luenen.de\\\/wp-content\\\/uploads\\\/2021\\\/09\\\/cropped-LeoLogo-2.jpg\",\"contentUrl\":\"https:\\\/\\\/www.leoschule-luenen.de\\\/wp-content\\\/uploads\\\/2021\\\/09\\\/cropped-LeoLogo-2.jpg\",\"width\":342,\"height\":342,\"caption\":\"Leoschule\"},\"image\":{\"@id\":\"https:\\\/\\\/www.leoschule-luenen.de\\\/#\\\/schema\\\/logo\\\/image\\\/\"}}]}<\/script>\n<!-- \/ Yoast SEO plugin. -->","yoast_head_json":{"title":"Vorlesetag 21.11.2025 - Leoschule L\u00fcnen","robots":{"index":"index","follow":"follow","max-snippet":"max-snippet:-1","max-image-preview":"max-image-preview:large","max-video-preview":"max-video-preview:-1"},"canonical":"https:\/\/www.leoschule-luenen.de\/index.php\/vorlesetag-17-11-2023\/","og_locale":"de_DE","og_type":"article","og_title":"Vorlesetag 21.11.2025 - Leoschule L\u00fcnen","og_description":"Jedes Jahr ist der bundesweite Vorlesetag immer ein echtes Highlight im Schuljahresverlauf. An diesem besonderen Tag steht das Lesen, Basteln und nat\u00fcrlich vor allem das Vorlesen im Mittelpunkt des Schultages. In diesem Jahr drehte sich in den vier Jahrg\u00e4nge alles um diese B\u00fccher: Elmar &#8211; der karierte Elefant, Hinter verzauberten Fenstern, K\u00e4pten Knitterbart und seine [&hellip;]","og_url":"https:\/\/www.leoschule-luenen.de\/index.php\/vorlesetag-17-11-2023\/","og_site_name":"Leoschule L\u00fcnen","article_modified_time":"2025-11-23T09:07:34+00:00","twitter_card":"summary_large_image","twitter_misc":{"Gesch\u00e4tzte Lesezeit":"1\u00a0Minute"},"schema":{"@context":"https:\/\/schema.org","@graph":[{"@type":"WebPage","@id":"https:\/\/www.leoschule-luenen.de\/index.php\/vorlesetag-17-11-2023\/","url":"https:\/\/www.leoschule-luenen.de\/index.php\/vorlesetag-17-11-2023\/","name":"Vorlesetag 21.11.2025 - Leoschule L\u00fcnen","isPartOf":{"@id":"https:\/\/www.leoschule-luenen.de\/#website"},"datePublished":"2023-11-17T10:00:41+00:00","dateModified":"2025-11-23T09:07:34+00:00","breadcrumb":{"@id":"https:\/\/www.leoschule-luenen.de\/index.php\/vorlesetag-17-11-2023\/#breadcrumb"},"inLanguage":"de","potentialAction":[{"@type":"ReadAction","target":["https:\/\/www.leoschule-luenen.de\/index.php\/vorlesetag-17-11-2023\/"]}]},{"@type":"BreadcrumbList","@id":"https:\/\/www.leoschule-luenen.de\/index.php\/vorlesetag-17-11-2023\/#breadcrumb","itemListElement":[{"@type":"ListItem","position":1,"name":"Startseite","item":"https:\/\/www.leoschule-luenen.de\/"},{"@type":"ListItem","position":2,"name":"Vorlesetag 21.11.2025"}]},{"@type":"WebSite","@id":"https:\/\/www.leoschule-luenen.de\/#website","url":"https:\/\/www.leoschule-luenen.de\/","name":"Leoschule L\u00fcnen","description":"St\u00e4dtische Katholische Grundschule","publisher":{"@id":"https:\/\/www.leoschule-luenen.de\/#organization"},"potentialAction":[{"@type":"SearchAction","target":{"@type":"EntryPoint","urlTemplate":"https:\/\/www.leoschule-luenen.de\/?s={search_term_string}"},"query-input":{"@type":"PropertyValueSpecification","valueRequired":true,"valueName":"search_term_string"}}],"inLanguage":"de"},{"@type":"Organization","@id":"https:\/\/www.leoschule-luenen.de\/#organization","name":"Leoschule","url":"https:\/\/www.leoschule-luenen.de\/","logo":{"@type":"ImageObject","inLanguage":"de","@id":"https:\/\/www.leoschule-luenen.de\/#\/schema\/logo\/image\/","url":"https:\/\/www.leoschule-luenen.de\/wp-content\/uploads\/2021\/09\/cropped-LeoLogo-2.jpg","contentUrl":"https:\/\/www.leoschule-luenen.de\/wp-content\/uploads\/2021\/09\/cropped-LeoLogo-2.jpg","width":342,"height":342,"caption":"Leoschule"},"image":{"@id":"https:\/\/www.leoschule-luenen.de\/#\/schema\/logo\/image\/"}}]}},"_links":{"self":[{"href":"https:\/\/www.leoschule-luenen.de\/index.php\/wp-json\/wp\/v2\/pages\/1526","targetHints":{"allow":["GET"]}}],"collection":[{"href":"https:\/\/www.leoschule-luenen.de\/index.php\/wp-json\/wp\/v2\/pages"}],"about":[{"href":"https:\/\/www.leoschule-luenen.de\/index.php\/wp-json\/wp\/v2\/types\/page"}],"author":[{"embeddable":true,"href":"https:\/\/www.leoschule-luenen.de\/index.php\/wp-json\/wp\/v2\/users\/2"}],"replies":[{"embeddable":true,"href":"https:\/\/www.leoschule-luenen.de\/index.php\/wp-json\/wp\/v2\/comments?post=1526"}],"version-history":[{"count":5,"href":"https:\/\/www.leoschule-luenen.de\/index.php\/wp-json\/wp\/v2\/pages\/1526\/revisions"}],"predecessor-version":[{"id":2507,"href":"https:\/\/www.leoschule-luenen.de\/index.php\/wp-json\/wp\/v2\/pages\/1526\/revisions\/2507"}],"wp:attachment":[{"href":"https:\/\/www.leoschule-luenen.de\/index.php\/wp-json\/wp\/v2\/media?parent=1526"}],"curies":[{"name":"wp","href":"https:\/\/api.w.org\/{rel}","templated":true}]}}